2, 3
Suppose -29769 = 27*d - 29*d - 5*o, -2*o = -10. List the prime factors of d.
2, 11, 13
Let q = -22 - -33. Let x(p) = p**3 - 12*p**2 + 10*p + 11. Let a be x(q). Suppose a = 4*r - 40 - 120. What are the prime factors of r?
2, 5
Suppose -4110601 - 2170814 = -240*p - 1718775. List the prime factors of p.
3, 6337
Suppose 0 = 2*m, 0 = -68*b + 71*b + 5*m - 3. List the prime factors of (-32415)/(-18) + -1*b/(-6).
1801
Let s(d) = 3*d**2 + 29*d + 98. Let i be s(26). Let g = 4821 - i. List the prime factors of g.
3, 647
Let o(w) = w**2 + 2*w - 1. Let t be o(1). Suppose 255 = -t*h + 1029. What are the prime factors of h?
3, 43
Suppose 111*j = 102*j + 20850 - 1779. List the prime factors of j.
13, 163
Suppose 48*p = 51*p - 24. Suppose -5*k - p = z - 3*z, 5*k - 19 = -z. Suppose z*a - 13*a + t = -1182, -5*a - t + 1482 = 0. List the prime factors of a.
2, 37
Let j be -7*(-7 - -8) + 7. Suppose 5*u - 4*u - 119 = 0. Suppose j = 7*n - 308 - u. What are the prime factors of n?
61
Suppose -n - 4*n = -2*j - 14, -3*n + 27 = 5*j. Suppose n*b = b + 150. Suppose -y - 87 = -x, y + b - 129 = -x. What are the prime factors of x?
83
Let g(u) = u**3 + u**2 + u. Let f = 2 - 4. Let w(o) = o**3 + 12*o**2 + 19*o - 29. Let m(l) = f*g(l) + w(l). List the prime factors of m(11).
37
Suppose 30*t = 41017 + 5183. List the prime factors of t.
2, 5, 7, 11
Suppose -6*t = 2 - 14. Let l = t - 8. What are the prime factors of 128/3*(0 + (-9)/l)?
2
Suppose g + 5*v - 8492 - 2506 = 0, v = g - 11016. List the prime factors of g.
3, 3671
Let w(r) = -117 + 22*r + 24*r + 103. List the prime factors of w(4).
2, 5, 17
Let u = 1136 - -14479. What are the prime factors of u?
3, 5, 347
Suppose 0 = 678*g - 626*g - 1343524. List the prime factors of g.
7, 3691
Suppose n = -i + 8802, 4*n - 35172 = 6*i - 4*i. List the prime factors of n.
2, 3, 733
Suppose 2*n - 151277 = 3*v, 378240 = 5*n - 52*v + 54*v. List the prime factors of n.
2, 109, 347
Let t(q) = 46*q**2 - 30*q + 10. Suppose -13 = -m + 4*b, 5*m - 4*b = -2*b + 29. What are the prime factors of t(m)?
2, 5, 101
Suppose 0*r - 488 = -4*n + 2*r, -n = -r - 123. Let b be (6/8)/((-37)/(-148)). Suppose n = k + 5*y, 4*y = b*y - 1. What are the prime factors of k?
2, 3, 7
Suppose -18 = -2*a - 128*f + 123*f, 9 = a + f. Suppose -4 = -2*w - 16. What are the prime factors of a/((w/(-27))/(12/9))?
2, 3
Let y be 72/(-27)*6/(-8). Suppose -4*o + 6*k - 3*k = -4216, -8 = -y*k. List the prime factors of o.
7, 151
Let k be -50 - 1/(-2)*-10. Let s = k - 51. What are the prime factors of -3 - -7 - (s + 1)?
109
Let v be 9/2*(-72)/(-54). Suppose -v*h = 120 + 126. Let l = h + 156. What are the prime factors of l?
5, 23
Let n(t) = -t**3 - 12*t**2 - 13*t - 10. Let k(s) = -s**2 + 2*s. Let o(b) = -3*k(b) - n(b). What are the prime factors of o(-11)?
3, 139
Suppose -3*x - 33507 = 43*h - 46*h, 5*x = 10. List the prime factors of h.
11171
What are the prime factors of (2*-6)/((-59)/21181)?
2, 3, 359
Let g = -305 - 90. Let h = g + 125. What are the prime factors of -3 - (h/(-4) - -2)*-2?
2, 17
Let y be 6/15*1 - (-103)/5. Let o = -14 + y. Let q = o - -152. List the prime factors of q.
3, 53
Suppose -1331 - 583 = -11*k. Suppose 2*h + 4*b - 184 = k, 0 = h + b - 178. Let d = -81 + h. What are the prime factors of d?
2, 3
Suppose 33*n - 2817830 - 4953973 = -136*n. List the prime factors of n.
3, 15329
Suppose -389 - 427 = -f. Suppose -8*u = -f + 56. Let a = 179 - u. List the prime factors of a.
2, 3, 7
Let d(u) = -u**2 - 11*u + 6. Let b be d(-5). List the prime factors of (-5)/6 - (-4998)/b.
2, 3, 23
Suppose 3 = c - 2*i - 0, -4 = -i. Let a = c - 7. Suppose 0 = 5*v + a*n - 5*n - 330, 3*v + n - 206 = 0. What are the prime factors of v?
67
Suppose 8*t - 4*t = -4*h - 52, 5*h + 57 = 3*t. Let p(g) = -g**3 - 11*g**2 - 4*g + 40. List the prime factors of p(h).
2, 29
Let g(c) = c**3 - 4*c**2 + 4*c + 14. Let j be g(5). Let o be (33 + (-2)/(-2))*(-23)/46. Let s = j + o. What are the prime factors of s?
2, 3, 7
Suppose 0 = 5*x - 683 - 1062. Let a = -179 + x. What are the prime factors of a?
2, 5, 17
List the prime factors of 2/2*11/((-231)/(-245133)).
3, 1297
Suppose v - 3*v - 234 = 2*z, 2*v = -5*z - 591. Let y = 174 + z. What are the prime factors of y?
5, 11
Let k = 622 - 607. Let t(y) = y**3 - 7*y**2 - 21*y + 17. What are the prime factors of t(k)?
2, 751
Let f(h) = 42*h**2 + 231*h - 102. What are the prime factors of f(-6)?
2, 3
Let j(d) = -d**2 + 11*d - 20. Let m be j(9). Let z be (-6)/((-6)/m - 762/258). Let w = 229 + z. What are the prime factors of w?
2, 5
Let f be ((-6)/(-9))/(20/60). Suppose -4*l + w + 405 = 0, 434 + 56 = 5*l + f*w. What are the prime factors of l?
2, 5
Let p = 22021 - 19007. What are the prime factors of p?
2, 11, 137
Let n be (29 + -24)/(1/2*2). Suppose 3038 + 3682 = n*i. List the prime factors of i.
2, 3, 7
Let a(c) = 5*c**2 + 3*c - 10. Suppose 22 = -w + 3*x, 48 = -2*w + 5*x + 8. Let v = w + 13. List the prime factors of a(v).
2, 11
Suppose 8 = -10*p - 12. Let d(z) = 74*z**2 - 6*z - 4. Let l be d(p). Suppose 6*s - 1330 = -l. What are the prime factors of s?
3, 19
Let r be 7/(((-2)/42)/((-16)/24)). Let t = 13 + r. List the prime factors of t.
3, 37
Let j(z) = -z**2 - 24*z - 140. Let w be j(-13). Suppose -w*o + 1490 = 4*r - 8*r, 5*r - 1001 = -2*o. What are the prime factors of o?
2, 3, 83
Let m = 298 + -113. Let f = m - 167. List the prime factors of f.
2, 3
Suppose -4*h + r + 0*r = -83, 0 = -h + 3*r + 7. Suppose -15676 = -h*n - 3026. List the prime factors of n.
5, 23
Let k = -47834 - -104989. What are the prime factors of k?
5, 7, 23, 71
Let s = 21 - 34. Let b(d) = -d**2 - 4*d + 2. Let f be b(s). Let p = f - -267. What are the prime factors of p?
2, 19
What are the prime factors of 3124 - (27/(-9) - 5)*1?
2, 3, 29
Suppose t + 3*c - 8*c - 4344 = 0, 5*t = -5*c + 21840. List the prime factors of t.
2, 1091
Let p(z) = 11 + 2 + 10*z**2 + 11 + 9 - 6*z - 3*z. List the prime factors of p(10).
23, 41
Let q = -330 + 333. Let z(h) be the first derivative of h**4/4 - h**3/3 + h**2 - h + 1. What are the prime factors of z(q)?
23
Suppose -w + 6*w - z = 2260, 2*w - 904 = 2*z. Let j = 1081 - w. List the prime factors of j.
17, 37
Suppose 8*p = 2*p + 462. Let x = p - -100. Suppose b = 4*b - x. What are the prime factors of b?
59
Suppose 4*c = 3*i + 238, c - i = -3*c + 242. Let a = c - -119. Let r = 369 - a. What are the prime factors of r?
3, 7
Let n(t) = -2369*t**3 - 52*t**2 - 94*t + 3. What are the prime factors of n(-2)?
5, 7, 541
Let y(d) = -5*d + 132. Let m be y(26). Suppose -i + 96 = k, -m*i = -3*k + 4*k - 187. List the prime factors of i.
7, 13
Let d be (-2002)/99 + 2/9. What are the prime factors of ((-2)/(-3))/(d/(-19860))?
2, 331
Suppose -114*j + 4*q = -113*j - 28761, j + 2*q = 28773. What are the prime factors of j?
13, 2213
Suppose -140*z - 108*z + 45*z + 1288238 = 0. List the prime factors of z.
2, 19, 167
Let l be (4/(-3))/(38/(-6441)). Suppose 6*s + l = -38. What are the prime factors of (-15 + 18)*s/(-6)?
2, 11
Let p = 21196 + 39057. List the prime factors of p.
89, 677
Suppose -21414*i + 21421*i = 854. Suppose f + 46 = -3*a, -2*f = 3*a + 94 - 5. Let r = i + f. What are the prime factors of r?
79
Let b(t) = -95*t**3 + 4*t**2 + 14*t - 30. What are the prime factors of b(-6)?
2, 3, 5, 137
Let v be 21 + -21 - (-1 - -375)/2. List the prime factors of (9 + v)*1*(-6)/3.
2, 89
What are the prime factors of 164*1/6*15171/13?
2, 41, 389
Let q(b) = -11*b + 9. Let a = -70 - -48. Let c be q(a). Let y = -12 + c. What are the prime factors of y?
239
Suppose -6073644 = -363*z + 1823058. What are the prime factors of z?
2, 73, 149
Suppose -h + 7 = -0*h. Suppose -v - 2*b + h = 2, -4*v + 2*b = 20. List the prime factors of -1 + 6/v - -10.
7
Let b(u) = 2799*u - 713. What are the prime factors of b(5)?
2, 29, 229
Let o(v) = -v**3 - 6*v**2 + 10*v + 18. Let i be o(-8). Suppose -i*t - 2611 = -73*t. List the prime factors of t.
373
Let a = 51 - 25. Suppose -3*k + 3 = 0, -2*u - 5*k = -3*u + 109. Let n = u - a. List the prime factors of n.
2, 11
What are the prime factors of -1 - ((-6)/8 - (5 + 1555336/32))?
3, 11, 491
Let b(j) = j**2 - 7*j + 9. Let l be b(7). Let a(w) be the second derivative of w**5/20 - w**4/2 - 3*w**3 - 6*w**2 - 7*w. What are the prime factors of a(l)?
3, 23
Let q(c) =